 10*h - 9. What are the prime factors of i(16)?
919
Let j = -20 + 20. Let x(w) = -1 + j*w - 9*w**2 + 11*w**2 - w. What are the prime factors of x(4)?
3
Suppose 0 = -7*k + 5*k. Suppose -3*j + 0*j + 3 = k. List the prime factors of -28*(j - 3/2).
2, 7
Let i(y) = -222*y**3 - y + 2. Let d be i(-2). Suppose -7*u - d = -17*u. What are the prime factors of u?
2, 89
Let j(n) = 7*n - 3*n + 6 + 0*n. Let o = 2 - -5. List the prime factors of j(o).
2, 17
Suppose t - 1 = 2*c + 7, 5*t - 64 = 4*c. Suppose 12*h - t*h = -148. What are the prime factors of h?
37
Let p be (27/(-12))/(2/8). Let r(k) be the first derivative of -4*k**2 - 15*k - 38. What are the prime factors of r(p)?
3, 19
What are the prime factors of 1 + -2 + (-692)/(-4 + 0)?
2, 43
Let y(g) = 6*g - 14. Let a be y(-3). Let u = a - -100. What are the prime factors of u?
2, 17
Let a be 19 - ((-2)/8 - (-6)/(-8)). Suppose 0 = 21*b - a*b - 14. What are the prime factors of b?
2, 7
Let z(t) = 2*t**2 + 35*t - 32. List the prime factors of z(-29).
5, 127
Let s be ((-8)/(-6))/(2/6). Suppose -x + 207 = -s*t, -5*x + x + 2*t + 800 = 0. List the prime factors of x.
199
Suppose -35*z + 26*z + 4014 = 0. List the prime factors of z.
2, 223
Let i(z) = 2*z**3 - 17*z**2 + 21*z + 9. What are the prime factors of i(10)?
3, 173
Suppose -3*n = 3*z - 39, z + 92 = 4*n - 3*z. Suppose 2*u = 88 + n. What are the prime factors of u?
53
Let s(o) = o**3 + 7*o**2 - o - 3. Let j be s(-7). Suppose 21 + j = y. List the prime factors of 640/y - (-4)/10.
2, 13
Let p(m) = -m**2 - m + 11. Let s be p(0). Let a(h) = 5*h - 6. Let z be a(s). Suppose -5*c + z = v, 0*c - 3*c = -2*v - 19. What are the prime factors of c?
3
Let g = -3440 + 7000. List the prime factors of g.
2, 5, 89
Let z be (-84)/(-8) - (-3)/6. Let l = z + -9. Suppose -y + 33 = l*y. List the prime factors of y.
11
Let g(p) = 6*p**2 + 16*p - 7. What are the prime factors of g(7)?
3, 7, 19
Suppose 37*o - 35*o - 20 = 0. Suppose 0 = 3*p - 5*y - 341, -5*p + 585 = -o*y + 5*y. What are the prime factors of p?
2, 61
Let l(r) = r - 8. Suppose -2*u = -6*u + 44. Let a be l(u). What are the prime factors of a/12 - (-213)/12?
2, 3
What are the prime factors of 1214 + 120/(-70)*7/(-2)?
2, 5, 61
What are the prime factors of (-10)/(-50) + (-17847)/(-15)?
2, 5, 7, 17
Let h(f) = 362*f**2 + 14*f - 82. What are the prime factors of h(4)?
2, 3, 31
Let p(c) = -3*c**2 + 7*c - 3. Let f(j) = 8*j**2 - 20*j + 8. Let l(v) = -6*f(v) - 17*p(v). List the prime factors of l(5).
83
Suppose -15 = 3*q - 5*q - r, 3*r + 5 = 4*q. Suppose q*t - 318 - 823 = -4*m, -5*m = -4*t + 921. List the prime factors of t.
229
Let w = -52 - -52. Suppose 3*z - 1 - 23 = w. List the prime factors of z.
2
Let u(d) = -d**3 + 5*d**2 - 6*d + 4. Let w be u(4). Let s = w - -8. Suppose -s*q = -7*q + 21. List the prime factors of q.
7
Let p be 8/6*3/2. Let k = 2 + p. Suppose -i + k = -12. What are the prime factors of i?
2
Let f(k) = -k**2 + 266 + 2*k**2 - 319 + 6*k. List the prime factors of f(15).
2, 131
Let d be 1/(2/(-4)) + -12. List the prime factors of 8/14 + (-748)/d.
2, 3
Let m(c) = -c**3 + 7*c**2 - c + 9. Let a be m(7). Suppose -a*p = -0*p - 142. List the prime factors of p.
71
Suppose -j + 5*a + 109 = -0*a, j + a - 127 = 0. List the prime factors of j.
2, 31
Let u(i) = -9*i**2 - 12*i - 8. Let q be u(-4). Suppose -4*f = -0*f - 608. Let w = q + f. What are the prime factors of w?
2, 3
Suppose -15*x + 19676 + 17974 = 0. List the prime factors of x.
2, 5, 251
Suppose 1740 = 5*x + 4*l, 0 = -5*x + 2*l + 225 + 1485. Suppose -6*o = 2*o - x. What are the prime factors of o?
43
Let d(s) = -s**3 - 9*s**2 - 14*s + 9. Let x be d(-7). What are the prime factors of 3 + 1 + (x - -58)?
71
Let t = 25 - 22. Suppose 243 = -0*h + t*h. What are the prime factors of h?
3
Suppose 27*z - 21*z = 6. List the prime factors of z*(1*4/4 + 70).
71
Let b(j) = 2*j + 2. Let w be b(5). Suppose 188 = -w*c + 16*c. What are the prime factors of c?
47
Suppose 18*z - 495 = 21*z. List the prime factors of z*(0 + (-1)/1).
3, 5, 11
Let d be (-321)/(-6) + (-3)/6. Suppose 3*w - 79 = d. What are the prime factors of w?
2, 11
Let x be 6*(-8)/(-12)*1. Let q = x + -4. List the prime factors of (-2 - q - -3) + 27.
2, 7
Let k = -87 - -148. Suppose -5*g - k - 44 = 0. Let r = 30 + g. List the prime factors of r.
3
Let h(b) = 108*b**2 - 26*b - 60. List the prime factors of h(-3).
2, 3, 5, 11
Let v = 45 + -45. Suppose 4*d = 3*c - 521, -3*c + v*c + 520 = -5*d. What are the prime factors of c?
5, 7
Let s(f) be the second derivative of f**4/12 + 2*f**3/3 + 3*f**2 - 7*f + 1. Suppose -5*o = -4*o + 5. List the prime factors of s(o).
11
Suppose n + 0*n - 466 = 3*c, 0 = 2*n + 2*c - 908. What are the prime factors of n?
457
Let z be (-3 + 1)/(-2) - -182. Let m(c) = 21*c + 2. Let s be m(4). Suppose -2*w = -0*w - 4*g - s, z = 5*w - 2*g. List the prime factors of w.
5, 7
Let l = 725 - 515. What are the prime factors of l?
2, 3, 5, 7
Let t = 69 - -20. Suppose -4*n + 47 = -t. List the prime factors of n.
2, 17
Let p be (-2*3/(-2))/(-1). Let q be 15/(-4) - p/(-12). What are the prime factors of 5 - (q + -2 + 2)?
3
Let s(y) = 2*y + 6*y**2 - 7*y**2 - 4*y + 241 + y. List the prime factors of s(0).
241
Suppose 258 = -4*t - 2*j, 5*t - 3*j + 103 + 214 = 0. Let i = t + 113. What are the prime factors of i?
7
List the prime factors of 15118/21 - -3*8/252.
2, 3, 5
Let g(s) = -3 - 10*s + 4 - 1 + 6 + s**2. List the prime factors of g(-8).
2, 3, 5
Suppose -c - 7 + 11 = 0. Suppose 160 = -4*z + 2*p, c*z + 138 = -5*p - 36. What are the prime factors of (-26)/39 - z/3?
13
Suppose -5 - 11 = -8*y. Suppose 0 = -x, -3*x = -2*w - y*w + 188. What are the prime factors of w?
47
Suppose -760 = -4*j + 1196. What are the prime factors of j?
3, 163
Let t = -44 - -48. Suppose 5*x + 3*v - 4*v - 151 = 0, t*v + 139 = 5*x. What are the prime factors of x?
31
List the prime factors of 94047/174 + 1/(-2).
2, 3, 5
List the prime factors of 3/(((-4)/6)/(502/(-3))).
3, 251
Suppose -4*w = -4*o + 360, 4*w - 3*w - 270 = -3*o. List the prime factors of o.
2, 3, 5
List the prime factors of (-3 - -3486 - 9) + -7.
3467
Let x = -123 - -436. What are the prime factors of x?
313
Let h be ((-2)/4)/((-8)/112). Let w = -10 + h. Let m(f) = 2*f**2 - f + 2. List the prime factors of m(w).
23
Let l(n) = n**2 + 6*n + 80. List the prime factors of l(-35).
3, 5, 73
Let q be (-2 - (-39)/12)*4. Suppose -3*l + q*h + 85 = 0, 0 = -l + 2*h - 0*h + 30. What are the prime factors of l?
2, 5
Let m be 4/10 + 252/(-5). Suppose 19 - 157 = 23*g. Let y = g - m. What are the prime factors of y?
2, 11
Suppose 2*y - 3*v + 6*v = -13, 0 = 3*y + 3*v + 15. Let j be (-4 - -1) + 216 + y. Suppose -4*k = 3*c + 28 - j, 2*c + 32 = k. What are the prime factors of k?
2, 3, 7
Let p(i) = i**3 + 11*i**2 + 10*i + 5. Let m be p(-10). Suppose -305 = -2*u - 3*u - 5*n, m*n = -u + 61. Let s = u + -39. What are the prime factors of s?
2, 11
Let a(v) be the first derivative of -v**2/2 + 6*v - 10. Let k be a(3). Suppose q - 57 = -w, w - 293 = -2*q - k*q. List the prime factors of q.
59
Let r be (-5137)/(-55) + 2/(-5). Suppose -i - i = 6, 3*n - r = -4*i. List the prime factors of n.
5, 7
Suppose 4*b - 5*i = 10455, -2*b - 262*i + 266*i = -5220. List the prime factors of b.
2, 5, 131
List the prime factors of ((-24376)/110)/((-4)/10).
2, 277
Let f(v) = -v**3 + 5*v**2 + 8. Let i(n) = -n**3 - n**2 - n. Let l(g) = f(g) - 2*i(g). List the prime factors of l(-6).
2
Let v(j) = j**2 + 18*j + 7. Let y be v(-18). Suppose 24 = -y*u + 10*u. List the prime factors of (18/(-3))/(u/(-52)).
3, 13
Suppose 4*h - 376 = -4*d, -d - 33 = -4*h - 137. Suppose -d = -u - 19. What are the prime factors of u?
7, 11
Let n = 25 + -28. Let y be 58/n + 8/(-12). What are the prime factors of (-8)/y - 316/(-10)?
2
Let t(f) = f + 9. Let x be t(-4). Suppose 0 = x*g - a - 3*a - 188, -5*g - 4*a = -172. What are the prime factors of g?
2, 3
Suppose 5*g + w = -3*w + 865, 0 = -3*w. List the prime factors of g.
173
Suppose 0*o = 4*o, 3*l + 5*o = 99. Suppose g - 92 = -l. Suppose 6*k - g + 23 = 0. What are the prime factors of k?
2, 3
Suppose l - 2*l = 2*t - 165, 348 = 4*t - 4*l. What are the prime factors of (t/8)/((-6)/(-16))?
2, 7
Suppose 0*c + 13*c - 3783 = 0. List the prime factors of c.
3, 97
Suppose -5*r - 10 = 0, 8*f + 2*r 